(-4)*12*(4 - w). Let u = -37 + 82. Calculate the highest common factor of t and u.
15
Let o = -7228 - -7236. Calculate the greatest common divisor of o and 19.
1
Suppose -47*i - 119*i + 281008 = 27*i. Calculate the highest common factor of 910 and i.
182
Suppose 164*t + 69*t = -143*t + 11396560. Calculate the highest common divisor of t and 70.
70
Let c be -15*(-783)/405 + -11*(3 - 4). Let f(z) = 300*z**2 - z + 1. Let u be f(1). What is the greatest common divisor of u and c?
20
Let w(u) = u**2 + 20*u - 28. Let l be w(-21). Let r be (1/1 + l)*(-1360)/48. What is the highest common divisor of 50 and r?
10
Let b(t) = 5*t**2 + 1125*t + 4482. Let l be b(-4). What is the greatest common divisor of 26846 and l?
62
Suppose 0*v = 10*v - 840. Suppose -11*z + 5*z = -v. Let b be 2/5 + (-1116)/(-10). Calculate the greatest common factor of z and b.
14
Let a be 70 + 3/3*2. Let t(f) = -2*f**3 - f**2 - 6. Let c be t(-2). Let h be 36*(-3)/(-27)*(c - 0). Calculate the greatest common factor of a and h.
24
Let s(n) = 3*n**2 - 31*n + 25. Let c be s(13). Let w be (1 + (-165)/(-7))/((-46)/(-161)). What is the highest common divisor of w and c?
43
Let d = -106 - -264. Let o = d - 120. What is the highest common factor of o and 2?
2
Let r be (-3)/(21/(-6) - -2) - -8. Suppose r*p - 296 = 104. Let o = -30 + p. What is the greatest common divisor of o and 2?
2
Let w be ((-480)/(-72))/((-6)/(-9) - (-280)/(-435)). What is the highest common factor of 630 and w?
10
Suppose 80280 = 33*z + 2367. Suppose 9*j - z = 807. What is the greatest common divisor of j and 64?
32
Let y be (-3 - (-14)/3)*(-560898)/(-195). Calculate the highest common divisor of 4230 and y.
282
Suppose 4*g - 4*h = 40, -328 = 5*h - 358. Calculate the highest common factor of 6040 and g.
8
Let r = 1794 + -1764. What is the greatest common factor of 18 and r?
6
Suppose 4*y - 2*r - 15106 = 0, -542*r + 540*r = -5*y + 18886. What is the greatest common divisor of y and 56?
28
Let y = 37 + -86. Let h = y + 77. Calculate the greatest common factor of h and 12.
4
Let t(w) = 29*w + 263. Let y be t(-7). What is the highest common divisor of 1188 and y?
12
Let a = -769 + 771. Suppose -a*n = -2*u + 2*n + 620, 3*u = 2*n + 910. What is the highest common divisor of u and 100?
100
Let b = -55 + 235. Suppose 4*d = -36 - 8. Let u be 444/22 + 2/d. Calculate the greatest common divisor of u and b.
20
Suppose 0 = t - 3*t + 6. Let g(z) = -2*z - 20*z**t + 13 + z**2 + 19*z**3 - 3. Let o be g(0). Calculate the highest common divisor of o and 80.
10
Suppose -9*v = -28*v + 1045. Calculate the highest common factor of v and 583.
11
Let p(j) be the second derivative of 3*j + 0*j**4 + 1/6*j**3 - 1/20*j**5 + j**2 + 0. Let f be p(0). What is the greatest common factor of 2 and f?
2
Suppose 3*o - 431 = -0*u - 2*u, -3*u + 432 = 3*o. Let y = o - 53. What is the greatest common divisor of y and 27?
9
Suppose -s + 91 = -73. Let k = s - 102. Calculate the highest common factor of 93 and k.
31
Let o be (8/6)/((-26)/663). Let t be o/(-102) + (-232)/(-6). What is the highest common divisor of 39 and t?
39
Suppose -5*v - 16 = -v. Let y be (-12)/v + 0 + 3. Let k = -1529 - -1539. What is the greatest common factor of y and k?
2
Let p = 422 - -96. Calculate the greatest common divisor of p and 185.
37
Let u be ((-2808)/(-324))/((-4)/(-10)*5/9). Calculate the highest common divisor of 11466 and u.
39
Let l(x) = 4*x**2 - x + 21. Let a be l(0). Let d(m) = -m + 29. Let v be d(a). What is the highest common divisor of v and 8?
8
Let t = 98 - 93. Suppose -45 = h + 85. Let r be ((-8)/16)/(1/h). Calculate the highest common factor of r and t.
5
Let b = -137 + 141. Suppose -2*q + b = 0, 5*q = -0*g - 4*g + 46. Calculate the greatest common factor of g and 252.
9
Suppose -s = 24*s - 7100. Suppose 112 = 2*i + 4*d, -4*i + s = -13*d + 9*d. What is the highest common factor of 12 and i?
6
Let p(x) = -22*x - 6. Let c be p(-11). Let g = -179 + c. Calculate the greatest common factor of g and 133.
19
Let h(n) = -4*n + 4. Let z be h(-5). Let w = -603 - -414. Let y = 405 + w. Calculate the greatest common divisor of y and z.
24
Let w = -22732 - -22824. What is the greatest common factor of 2622 and w?
46
Let v(g) = -40*g + 3376. Let o be v(79). What is the greatest common factor of o and 1458?
54
Suppose 0*m = m - 5. Let r be 9 - m - (-30)/2. Suppose 0*d = -4*n - 5*d + 294, 3*n = 3*d + 234. Calculate the greatest common factor of r and n.
19
Let q(u) = u**2 + 4*u + 10. Let l be q(0). Suppose 0 = 4*o + 5*x - 77, -5*o + l*o = 2*x + 55. Calculate the greatest common factor of 91 and o.
13
Let j = 136 - -6. Suppose 3*g - 244 = -j. Let o(p) = p**2 - 3*p - 6. Let c be o(-5). Calculate the greatest common factor of g and c.
34
Let z(y) = 15*y**2 - 133*y - 44. Let m be z(10). Calculate the highest common divisor of m and 198.
18
Suppose -4*o + 2208 = 4*w, 0*o - w = -o + 548. Let v be (-2)/(((-46)/(-1725))/((-2)/3)). Calculate the highest common factor of v and o.
50
Let c be (-7 - -11)/(3/12). Let b be -19*(c/32)/((-1)/6). Calculate the greatest common divisor of 19 and b.
19
Let n be (1458/(-405))/(9/(-75)). Suppose -57 - 3 = -2*q. Calculate the greatest common factor of n and q.
30
Suppose 2*s - 170 = 3*w - 34, -3*s - 4*w + 255 = 0. What is the greatest common divisor of 63 and s?
7
Let a(b) be the second derivative of b**4/12 - 26*b**3/3 + 111*b**2/2 - 159*b. Let k be a(50). What is the highest common factor of 77 and k?
11
Let f be (-1)/(1 + (-11)/10). Suppose -2*l - 52 = 4*x - 6, -3*l + 5*x - 25 = 0. Let p be (-16)/(5 + 78/l). Calculate the greatest common factor of f and p.
10
Suppose -p + 42 = -d, 0 = 3*p - 4*d - 71 - 53. Let h = -41 + p. What is the highest common factor of 48 and h?
3
Suppose -a = 1, 48 = -2*z + 7*z + 2*a. Suppose 2*s = -18, 45*x - 43*x + 3*s = 1. What is the greatest common divisor of x and z?
2
Let z(x) = -1504*x**3 + 3*x**2 + 10*x + 7. Let w be z(-1). Calculate the greatest common divisor of 4 and w.
4
Let k(g) = g**3 - 96*g + 365. Let z be k(4). Let l be (2 - 3)*1*-495. What is the highest common divisor of l and z?
45
Let h(s) = s**2 + 7*s - 24. Let o(d) = -4*d + 18. Let x be o(7). Let f be h(x). What is the highest common factor of f and 48?
6
Let m be 2796 - (6 + 110/(-11)). Calculate the greatest common factor of m and 14.
14
Suppose -6*k = -3*k - 102. Suppose -5*s = d - k, 2*d - 10 = -4*s + 22. Suppose -t = -s*t + 300. What is the highest common factor of 20 and t?
20
Suppose 2*h + 35 - 5 = -p, 86 = -3*p - 2*h. Let w be ((-7)/(p/(-27)))/(9/(-48)). Calculate the greatest common divisor of w and 96.
12
Let u(h) = 21*h + 2. Let l be u(6). Suppose 2*k - 140 = -y, -225*k - 2*y + 728 = -214*k. What is the greatest common divisor of l and k?
64
Let o = 17 + -387. Let q = -337 - o. What is the greatest common factor of 66 and q?
33
Let p(b) = -b**3 + 71*b**2 + 78*b + 250. Let y be p(72). What is the greatest common divisor of y and 66?
22
Let b be (-134)/(-6)*27 + -9. Suppose 2*p + 3*h - 290 = 0, -2*h = 4*p - 3*h - b. What is the highest common factor of 259 and p?
37
Let y = -324 + 807. Let w = -465 + y. Calculate the greatest common divisor of w and 12.
6
Let d be -32 - (-2 - (1 - 3)). Let g(p) = 24*p - 94. Let o be g(4). Let w be (o/((-6)/(-17)))/(d/(-192)). Calculate the highest common divisor of w and 340.
34
Let s be 10/(-90) + (-14)/63 - (-241)/3. What is the greatest common divisor of 2180 and s?
20
Suppose -h - 3*h + 4*p = -1572, -2*h = 3*p - 831. What is the greatest common divisor of h and 11658?
402
Let b be (3 - (-2 + 4))/(2/568). Let g = b - 279. What is the greatest common factor of 40 and g?
5
Let j = 3311 + -3238. What is the greatest common divisor of j and 4891?
73
Let r be ((-156)/24 + 7)/((-3)/(-3804)). Calculate the highest common divisor of r and 2.
2
Suppose l + 4*b = 1178, -27*l + 31*l - b = 4678. What is the greatest common divisor of 20 and l?
10
Let t be 27/2*(-56)/(-4). Suppose -j = -4*n, n + n - 22 = -5*j. Suppose -2*i = o - 37, 3*i - j*o - 21 = 62. What is the greatest common factor of i and t?
21
Let c = -5 + 8. Suppose c*a + 329 = x, a - 987 = -3*x - 0*a. Let r be -3 - (11/(-33))/(3/450). What is the greatest common factor of r and x?
47
Let i be 16 + 22/(-4) + (-36)/24. Calculate the greatest common factor of 